 = 24*f**3 - f**2 + 2*f - 1. Let t be r(1). Let c = t - 15. Calculate the highest common factor of d and c.
9
Let i(a) be the second derivative of -a**3/3 + 135*a**2 + 47*a. Let r be i(-9). Calculate the greatest common factor of r and 160.
32
Let c(i) = 13*i - 53. Let b(q) = q**2 - 39*q + 158. Let y(z) = 4*b(z) + 11*c(z). Let s be y(9). Calculate the highest common factor of 8 and s.
8
Let p be (4*5)/(2/7). Suppose 2986 = 313*b - 3974 + 2578. What is the greatest common factor of b and p?
14
Let s(g) = -7*g - 48. Let w(r) = -20*r - 144. Let u(b) = 14*s(b) - 5*w(b). Let p be u(12). What is the highest common divisor of 9 and p?
9
Let c be 174 + -2 - (2 - 5). Suppose -235 = 3*q - 6*q - 5*l, 0 = -4*q - 5*l + 305. What is the greatest common factor of q and c?
35
Let o(a) = -120*a + 10. Let k be o(-8). What is the greatest common factor of k and 10?
10
Let x = -3982 + 3992. What is the greatest common divisor of 245 and x?
5
Suppose 0 = -8*x - 3 + 43. Let q be ((-6)/x)/((-224)/35 - -6). Calculate the greatest common factor of 12 and q.
3
Let r(m) = 1061*m - 19. Let l be r(1). Let g = l - 184. Calculate the greatest common factor of g and 44.
22
Suppose 28*p + 622 - 4178 = 0. Let g be (-6 - (5 - 14)) + p. What is the greatest common factor of g and 10?
10
Let c(u) = 77*u - 2328. Let f be c(42). What is the highest common divisor of 48 and f?
6
Suppose 3*b + r = 584, 3*r + 156 = b - 52. Calculate the highest common factor of b and 1190.
14
Let b be 3*(-4)/3 - -22. Let m(q) = -q + 20. Let u be m(b). Suppose -8 = -r + u*c, 11 = 2*r + 2*c - 5. What is the highest common divisor of 88 and r?
8
Suppose 3*l + 4*l = 14. Suppose -l*m + 20 = 3*m. Suppose m*h - 49 = -h - y, 3*y + 53 = 5*h. What is the highest common divisor of h and 2?
2
Let i = -35 + 37. Let l be i*3*-1*6/(-9). Suppose b - 5*x = -10*x + 18, 2*b + l*x = 18. What is the greatest common divisor of b and 15?
3
Let l be 2 + 26/20*-2 + (-57900)/(-250). Calculate the highest common factor of 2387 and l.
77
Suppose -252 = 2*r - 3*r. Suppose r = -2*g - 7*g. Let s = -27 - g. What is the highest common divisor of s and 11?
1
Let d be ((-6)/9)/(8/(-60)). Suppose d*u + 1 = 61. Calculate the greatest common divisor of 120 and u.
12
Suppose -5*h + 3*c = -2*h - 273, 267 = 3*h + 3*c. What is the greatest common factor of 414 and h?
18
Let b = 655 - 654. Let k(j) = 547*j - 1. Let f be k(b). Calculate the highest common divisor of f and 84.
42
Let a = -5 + 7. Let i be (a/(-6))/((-1)/21). Let r be (-2 - 396/(-30))/((-2)/(-5)). What is the greatest common factor of r and i?
7
Let c(l) = -2*l**3 - 13*l**2 - 4*l - 13. Let n be c(-6). Let y be 12/30 + ((-1390)/n - -4). Calculate the greatest common factor of y and 270.
30
Suppose -29*r = 3*r - 736. Let d = r + -16. Calculate the highest common factor of 350 and d.
7
Let q(r) = -6*r - 1 - 38*r**2 + 18*r**2 + 23*r**2. Let k be q(4). Suppose k*c + 12 = 24*c. What is the greatest common factor of c and 6?
6
Suppose 3*o + 24 = 0, -23*a + 21*a = -o - 30. What is the greatest common divisor of a and 5753?
11
Let r be 3984/39 + (-4)/26. Let s be ((-21)/(-6))/(3/r). Let f(y) = -6*y - 67. Let o be f(-14). Calculate the greatest common divisor of s and o.
17
Let i = -22 + 32. Let x be (-116)/10*-19 + 6/10. Let c = x + -206. What is the highest common factor of c and i?
5
Suppose 24*d - 560 = -4*d. Let s = 17 - 7. Calculate the greatest common factor of s and d.
10
Let n(w) = -w**3 + 19*w**2 + 47*w - 3. Let s be n(22). Let k = s + 789. What is the highest common factor of 16 and k?
16
Suppose -10*f = 38*f - f - 7520. What is the highest common factor of 544 and f?
32
Let u be (132/(-5))/(12/(-40)). Let i be 0*2/(-4) + (1190 - 1174). What is the highest common factor of i and u?
8
Let w be (8 + -22)/(4/6). Let r be -2 + 2849/(w/(-3)). Calculate the highest common divisor of 15 and r.
15
Suppose -31*y - 72*y = -7*y - 6048. What is the greatest common divisor of 2667 and y?
21
Let j(i) = -2037*i**3 + 2*i**2 + 4*i + 2. Let r be j(-1). Suppose -422 = 5*d - r. Calculate the highest common divisor of 34 and d.
17
Suppose 0 = 5*w + 2*h - 137, -2 - 55 = -2*w - 3*h. Let u be (390/91)/((-2)/28). Let m = -57 - u. What is the greatest common divisor of m and w?
3
Let x(j) = 9*j**2 - 14*j + 36. Let u be x(3). Let z = u - 41. Calculate the greatest common divisor of z and 2.
2
Let d be (-3 + 1)*(-4 + -4) + 2. Suppose 3*s + 360 = d*s. What is the greatest common divisor of s and 24?
24
Let o be (-3 + 91/(-3))/(10/(-165)). Let g be 78/104 - 85/(-4). Calculate the greatest common divisor of o and g.
22
Let p be 15/(-5) - (0 - 3). Suppose 2*a - 3*m = 156, a = -p*a - 5*m + 78. Calculate the greatest common divisor of 195 and a.
39
Suppose -44*i + 15*i + 5719 = 14*i. Calculate the highest common divisor of i and 19.
19
Suppose 0 = 4*o - 5*m + 292 + 627, -5*m - 497 = 2*o. Let z = 288 + o. Let b be (-2)/(-9) - (-232)/9. What is the greatest common divisor of z and b?
26
Suppose r = -r + 138. Let c(n) = 53*n**2 + 35*n + 42. Let k be c(-2). Calculate the greatest common divisor of k and r.
23
Let y = -87 - -69. Let b = y + 55. Suppose b = 5*x - 3. Calculate the highest common divisor of 2 and x.
2
Let j(n) = -n**3 - 11*n**2 - 36*n - 32. Let x be j(-7). What is the greatest common factor of x and 82?
2
Suppose 86 = 3*k + 92. Let c be k*2*81/(-4). Suppose 6*u - 4*u = 108. Calculate the highest common divisor of u and c.
27
Suppose -46*j = 12*j - 223764. Calculate the greatest common factor of j and 6.
6
Let u = -361 - -762. Suppose 2*m = g + 15 + u, m + 5*g = 197. What is the greatest common divisor of 23 and m?
23
Let o(m) = -m**3 + 7*m**2 + 8*m - 24. Let i be o(7). Let r = 235 - 47. Suppose 100 = 6*c - r. Calculate the greatest common divisor of i and c.
16
Suppose 6*x - 98 - 5236 = 0. Suppose -3*u + x = -758. What is the highest common factor of u and 61?
61
Suppose -4*d + 604 = 5*k, 3*k - k + d - 244 = 0. Suppose -4*f - 20 = 0, -v - k = -4*v + 2*f. Calculate the greatest common factor of v and 133.
19
Let g(b) = 94*b**2 - 8*b + 7. Let f be g(1). Suppose f = -2*w + 291. What is the greatest common divisor of w and 45?
9
Suppose -567*b - 5*i = -571*b + 115, 5*b - 5*i = 135. What is the highest common factor of 630 and b?
10
Let o = 3090 - 3002. What is the greatest common divisor of o and 264?
88
Let h = -12829 - -12864. Suppose 0*c + 21 = 3*c. Calculate the highest common factor of h and c.
7
Let l be -16*(-27)/(-324) - 11353/(-3). Calculate the greatest common factor of 234 and l.
39
Suppose -48*b + 53214 = -6*b. Suppose b + 1165 = 32*o. Calculate the highest common divisor of 76 and o.
76
Suppose 11*o = 31209 + 13238 + 54003. What is the greatest common factor of 50 and o?
50
Let r be (10 + (0 - 6))/(2/2). Let u be 3 + (38 - (1 - r)). What is the greatest common factor of u and 66?
22
Suppose -1241*k = -1229*k - 79296. What is the greatest common factor of k and 560?
112
Let h(a) = -a**2 - 56*a - 475. Let f be h(-45). Calculate the highest common factor of 54980 and f.
20
Let m = -19591 - -19604. Let n = -345 - -566. What is the greatest common divisor of n and m?
13
Suppose 74*a - 1283 - 271 = 0. What is the highest common divisor of 1659 and a?
21
Suppose 0 = -6*s + 22*s + 576. Let j be -3 + 27/s*-12. Calculate the highest common factor of j and 26.
2
Let f = 70 - 53. Suppose 21 = 2*i + 2*c - 1, i - f = -3*c. Calculate the highest common divisor of 472 and i.
8
Let z = -29126 - -32801. What is the highest common divisor of 294 and z?
147
Let h be 1/(-2) + (-44)/(-8). Suppose s - 2*y = 208, 0 = -h*s + y + 4*y + 1045. Let w = -70 + 100. Calculate the highest common divisor of w and s.
30
Let z be 6/4*(-20)/(-15) - -5. Let u = 590 + -513. Calculate the greatest common factor of z and u.
7
Suppose -r - 3*o - 1 = 0, 4*r - 44 = -2*o + 2. Calculate the greatest common divisor of 287 and r.
7
Let j(b) = -b**3 + 38*b**2 - 32*b - 158. Let c be j(37). What is the highest common divisor of 23 and c?
1
Let j(q) = -8*q - 6. Let a be j(-2). Suppose -k + 95 = 2*z, 4*k = 2*z + 348 + 62. Suppose -5*o + 24 = -k. Calculate the highest common divisor of a and o.
5
Suppose -2*f = -325 - 43. Let d be ((-3774)/(-27) - (-12)/54) + -2. What is the greatest common factor of d and f?
46
Let q(u) = -2*u**3 + 2*u**2 + 2